{"id":47,"date":"2023-09-26T10:34:00","date_gmt":"2023-09-26T14:34:00","guid":{"rendered":"https:\/\/centreo3.com\/?page_id=47"},"modified":"2023-09-29T15:21:21","modified_gmt":"2023-09-29T19:21:21","slug":"location-salle-bal-de-finissant","status":"publish","type":"page","link":"https:\/\/centreo3.com\/fr\/evenements\/location-salle-bal-de-finissant\/","title":{"rendered":"Location salle bal de finissants"},"content":{"rendered":"\t\t<div data-elementor-type=\"wp-page\" data-elementor-id=\"47\" class=\"elementor elementor-47\" data-elementor-post-type=\"page\">\n\t\t\t\t<div class=\"elementor-element elementor-element-e62d86e e-flex e-con-boxed e-con e-parent\" data-id=\"e62d86e\" data-element_type=\"container\" data-e-type=\"container\">\n\t\t\t\t\t<div class=\"e-con-inner\">\n\t\t\t\t<div class=\"elementor-element elementor-element-e30638b elementor-widget elementor-widget-heading\" data-id=\"e30638b\" data-element_type=\"widget\" data-e-type=\"widget\" data-widget_type=\"heading.default\">\n\t\t\t\t<div class=\"elementor-widget-container\">\n\t\t\t\t\t<h2 class=\"elementor-heading-title elementor-size-default\">Une salle de r\u00e9ception au caract\u00e8re unique pour c\u00e9l\u00e9brer votre bal de finissants<\/h2>\t\t\t\t<\/div>\n\t\t\t\t<\/div>\n\t\t\t\t<div class=\"elementor-element elementor-element-2ce7b53 elementor-widget elementor-widget-text-editor\" data-id=\"2ce7b53\" data-element_type=\"widget\" data-e-type=\"widget\" data-widget_type=\"text-editor.default\">\n\t\t\t\t<div class=\"elementor-widget-container\">\n\t\t\t\t\t\t\t\t\t<p>Un bal reste un \u00e9v\u00e9nement marquant dans une vie. C\u00e9l\u00e9brer des ann\u00e9es d\u2019efforts avec sa famille et ses amis demande un cadre unique et m\u00e9morable. Notre grande salle de r\u00e9ception multifonctionnelle est id\u00e9ale pour c\u00e9l\u00e9brer un bal de finissants avec sa grande sc\u00e8ne, son \u00e9clairage professionnel, son syst\u00e8me de sonorisation et son \u00e9quipement audiovisuel. Nous avons aussi tout sur place pour faire un tapis rouge de pr\u00e9sentation dans la salle de r\u00e9ception comme \u00e0 l\u2019ext\u00e9rieur. Notre service de traiteur saura vous offrir un repas \u00e0 la hauteur de vos attentes et adapt\u00e9 \u00e0 vos go\u00fbts et \u00e0 votre budget. Il ne restera plus qu\u2019\u00e0 d\u00e9corer la salle de r\u00e9ception selon le th\u00e8me et les d\u00e9sirs des organisateurs\u2009!<\/p>\t\t\t\t\t\t\t\t<\/div>\n\t\t\t\t<\/div>\n\t\t\t\t\t<\/div>\n\t\t\t\t<\/div>\n\t\t\t\t<\/div>\n\t\t","protected":false},"excerpt":{"rendered":"<p>Une salle de r\u00e9ception au caract\u00e8re unique pour c\u00e9l\u00e9brer votre bal de finissants Un bal reste un \u00e9v\u00e9nement marquant dans une vie. C\u00e9l\u00e9brer des ann\u00e9es d\u2019efforts avec sa famille et ses amis demande un cadre unique et m\u00e9morable. Notre grande salle de r\u00e9ception multifonctionnelle est id\u00e9ale pour c\u00e9l\u00e9brer un bal de finissants avec sa grande [&hellip;]<\/p>\n","protected":false},"author":1,"featured_media":0,"parent":38,"menu_order":0,"comment_status":"closed","ping_status":"closed","template":"","meta":{"footnotes":""},"class_list":["post-47","page","type-page","status-publish","hentry"],"yoast_head":"<!-- This site is optimized with the Yoast SEO plugin v27.1.1 - https:\/\/yoast.com\/product\/yoast-seo-wordpress\/ -->\n<title>Location salle bal de finissants - Centre O3<\/title>\n<meta name=\"robots\" content=\"index, follow, max-snippet:-1, max-image-preview:large, max-video-preview:-1\" \/>\n<link rel=\"canonical\" href=\"https:\/\/centreo3.com\/fr\/evenements\/location-salle-bal-de-finissant\/\" \/>\n<meta property=\"og:locale\" content=\"fr_FR\" \/>\n<meta property=\"og:type\" content=\"article\" \/>\n<meta property=\"og:title\" content=\"Location salle bal de finissants - Centre O3\" \/>\n<meta property=\"og:description\" content=\"Une salle de r\u00e9ception au caract\u00e8re unique pour c\u00e9l\u00e9brer votre bal de finissants Un bal reste un \u00e9v\u00e9nement marquant dans une vie. C\u00e9l\u00e9brer des ann\u00e9es d\u2019efforts avec sa famille et ses amis demande un cadre unique et m\u00e9morable. Notre grande salle de r\u00e9ception multifonctionnelle est id\u00e9ale pour c\u00e9l\u00e9brer un bal de finissants avec sa grande [&hellip;]\" \/>\n<meta property=\"og:url\" content=\"https:\/\/centreo3.com\/fr\/evenements\/location-salle-bal-de-finissant\/\" \/>\n<meta property=\"og:site_name\" content=\"Centre O3\" \/>\n<meta property=\"article:modified_time\" content=\"2023-09-29T19:21:21+00:00\" \/>\n<meta name=\"twitter:card\" content=\"summary_large_image\" \/>\n<meta name=\"twitter:label1\" content=\"Dur\u00e9e de lecture estim\u00e9e\" \/>\n\t<meta name=\"twitter:data1\" content=\"1 minute\" \/>\n<script type=\"application\/ld+json\" class=\"yoast-schema-graph\">{\"@context\":\"https:\/\/schema.org\",\"@graph\":[{\"@type\":\"WebPage\",\"@id\":\"https:\/\/centreo3.com\/fr\/evenements\/location-salle-bal-de-finissant\/\",\"url\":\"https:\/\/centreo3.com\/fr\/evenements\/location-salle-bal-de-finissant\/\",\"name\":\"Location salle bal de finissants - Centre O3\",\"isPartOf\":{\"@id\":\"https:\/\/centreo3.com\/fr\/#website\"},\"datePublished\":\"2023-09-26T14:34:00+00:00\",\"dateModified\":\"2023-09-29T19:21:21+00:00\",\"breadcrumb\":{\"@id\":\"https:\/\/centreo3.com\/fr\/evenements\/location-salle-bal-de-finissant\/#breadcrumb\"},\"inLanguage\":\"fr-FR\",\"potentialAction\":[{\"@type\":\"ReadAction\",\"target\":[\"https:\/\/centreo3.com\/fr\/evenements\/location-salle-bal-de-finissant\/\"]}]},{\"@type\":\"BreadcrumbList\",\"@id\":\"https:\/\/centreo3.com\/fr\/evenements\/location-salle-bal-de-finissant\/#breadcrumb\",\"itemListElement\":[{\"@type\":\"ListItem\",\"position\":1,\"name\":\"Accueil\",\"item\":\"https:\/\/centreo3.com\/fr\/\"},{\"@type\":\"ListItem\",\"position\":2,\"name\":\"\u00c9v\u00e9nements sur mesure\",\"item\":\"https:\/\/centreo3.com\/fr\/evenements\/\"},{\"@type\":\"ListItem\",\"position\":3,\"name\":\"Location salle bal de finissants\"}]},{\"@type\":\"WebSite\",\"@id\":\"https:\/\/centreo3.com\/fr\/#website\",\"url\":\"https:\/\/centreo3.com\/fr\/\",\"name\":\"Centre O3\",\"description\":\"Salles de r\u00e9ception et h\u00e9bergements pour \u00e9v\u00e9nements\",\"publisher\":{\"@id\":\"https:\/\/centreo3.com\/fr\/#organization\"},\"potentialAction\":[{\"@type\":\"SearchAction\",\"target\":{\"@type\":\"EntryPoint\",\"urlTemplate\":\"https:\/\/centreo3.com\/fr\/?s={search_term_string}\"},\"query-input\":{\"@type\":\"PropertyValueSpecification\",\"valueRequired\":true,\"valueName\":\"search_term_string\"}}],\"inLanguage\":\"fr-FR\"},{\"@type\":\"Organization\",\"@id\":\"https:\/\/centreo3.com\/fr\/#organization\",\"name\":\"Centre O3\",\"url\":\"https:\/\/centreo3.com\/fr\/\",\"logo\":{\"@type\":\"ImageObject\",\"inLanguage\":\"fr-FR\",\"@id\":\"https:\/\/centreo3.com\/fr\/#\/schema\/logo\/image\/\",\"url\":\"https:\/\/centreo3.com\/wp-content\/uploads\/2023\/09\/centreo3-logo.svg\",\"contentUrl\":\"https:\/\/centreo3.com\/wp-content\/uploads\/2023\/09\/centreo3-logo.svg\",\"width\":257,\"height\":48,\"caption\":\"Centre O3\"},\"image\":{\"@id\":\"https:\/\/centreo3.com\/fr\/#\/schema\/logo\/image\/\"}}]}<\/script>\n<!-- \/ Yoast SEO plugin. -->","yoast_head_json":{"title":"Location salle bal de finissants - Centre O3","robots":{"index":"index","follow":"follow","max-snippet":"max-snippet:-1","max-image-preview":"max-image-preview:large","max-video-preview":"max-video-preview:-1"},"canonical":"https:\/\/centreo3.com\/fr\/evenements\/location-salle-bal-de-finissant\/","og_locale":"fr_FR","og_type":"article","og_title":"Location salle bal de finissants - Centre O3","og_description":"Une salle de r\u00e9ception au caract\u00e8re unique pour c\u00e9l\u00e9brer votre bal de finissants Un bal reste un \u00e9v\u00e9nement marquant dans une vie. C\u00e9l\u00e9brer des ann\u00e9es d\u2019efforts avec sa famille et ses amis demande un cadre unique et m\u00e9morable. Notre grande salle de r\u00e9ception multifonctionnelle est id\u00e9ale pour c\u00e9l\u00e9brer un bal de finissants avec sa grande [&hellip;]","og_url":"https:\/\/centreo3.com\/fr\/evenements\/location-salle-bal-de-finissant\/","og_site_name":"Centre O3","article_modified_time":"2023-09-29T19:21:21+00:00","twitter_card":"summary_large_image","twitter_misc":{"Dur\u00e9e de lecture estim\u00e9e":"1 minute"},"schema":{"@context":"https:\/\/schema.org","@graph":[{"@type":"WebPage","@id":"https:\/\/centreo3.com\/fr\/evenements\/location-salle-bal-de-finissant\/","url":"https:\/\/centreo3.com\/fr\/evenements\/location-salle-bal-de-finissant\/","name":"Location salle bal de finissants - Centre O3","isPartOf":{"@id":"https:\/\/centreo3.com\/fr\/#website"},"datePublished":"2023-09-26T14:34:00+00:00","dateModified":"2023-09-29T19:21:21+00:00","breadcrumb":{"@id":"https:\/\/centreo3.com\/fr\/evenements\/location-salle-bal-de-finissant\/#breadcrumb"},"inLanguage":"fr-FR","potentialAction":[{"@type":"ReadAction","target":["https:\/\/centreo3.com\/fr\/evenements\/location-salle-bal-de-finissant\/"]}]},{"@type":"BreadcrumbList","@id":"https:\/\/centreo3.com\/fr\/evenements\/location-salle-bal-de-finissant\/#breadcrumb","itemListElement":[{"@type":"ListItem","position":1,"name":"Accueil","item":"https:\/\/centreo3.com\/fr\/"},{"@type":"ListItem","position":2,"name":"\u00c9v\u00e9nements sur mesure","item":"https:\/\/centreo3.com\/fr\/evenements\/"},{"@type":"ListItem","position":3,"name":"Location salle bal de finissants"}]},{"@type":"WebSite","@id":"https:\/\/centreo3.com\/fr\/#website","url":"https:\/\/centreo3.com\/fr\/","name":"Centre O3","description":"Salles de r\u00e9ception et h\u00e9bergements pour \u00e9v\u00e9nements","publisher":{"@id":"https:\/\/centreo3.com\/fr\/#organization"},"potentialAction":[{"@type":"SearchAction","target":{"@type":"EntryPoint","urlTemplate":"https:\/\/centreo3.com\/fr\/?s={search_term_string}"},"query-input":{"@type":"PropertyValueSpecification","valueRequired":true,"valueName":"search_term_string"}}],"inLanguage":"fr-FR"},{"@type":"Organization","@id":"https:\/\/centreo3.com\/fr\/#organization","name":"Centre O3","url":"https:\/\/centreo3.com\/fr\/","logo":{"@type":"ImageObject","inLanguage":"fr-FR","@id":"https:\/\/centreo3.com\/fr\/#\/schema\/logo\/image\/","url":"https:\/\/centreo3.com\/wp-content\/uploads\/2023\/09\/centreo3-logo.svg","contentUrl":"https:\/\/centreo3.com\/wp-content\/uploads\/2023\/09\/centreo3-logo.svg","width":257,"height":48,"caption":"Centre O3"},"image":{"@id":"https:\/\/centreo3.com\/fr\/#\/schema\/logo\/image\/"}}]}},"_links":{"self":[{"href":"https:\/\/centreo3.com\/fr\/wp-json\/wp\/v2\/pages\/47","targetHints":{"allow":["GET"]}}],"collection":[{"href":"https:\/\/centreo3.com\/fr\/wp-json\/wp\/v2\/pages"}],"about":[{"href":"https:\/\/centreo3.com\/fr\/wp-json\/wp\/v2\/types\/page"}],"author":[{"embeddable":true,"href":"https:\/\/centreo3.com\/fr\/wp-json\/wp\/v2\/users\/1"}],"replies":[{"embeddable":true,"href":"https:\/\/centreo3.com\/fr\/wp-json\/wp\/v2\/comments?post=47"}],"version-history":[{"count":4,"href":"https:\/\/centreo3.com\/fr\/wp-json\/wp\/v2\/pages\/47\/revisions"}],"predecessor-version":[{"id":466,"href":"https:\/\/centreo3.com\/fr\/wp-json\/wp\/v2\/pages\/47\/revisions\/466"}],"up":[{"embeddable":true,"href":"https:\/\/centreo3.com\/fr\/wp-json\/wp\/v2\/pages\/38"}],"wp:attachment":[{"href":"https:\/\/centreo3.com\/fr\/wp-json\/wp\/v2\/media?parent=47"}],"curies":[{"name":"wp","href":"https:\/\/api.w.org\/{rel}","templated":true}]}}

<div data-elementor-type="wp-page" data-elementor-id="47" class="elementor elementor-47" data-elementor-post-type="page">
				<div class="elementor-element elementor-element-e62d86e e-flex e-con-boxed e-con e-parent" data-id="e62d86e" data-element_type="container" data-e-type="container">
					<div class="e-con-inner">
				<div class="elementor-element elementor-element-e30638b elementor-widget elementor-widget-heading" data-id="e30638b" data-element_type="widget" data-e-type="widget" data-widget_type="heading.default">
				<div class="elementor-widget-container">
					<h2 class="elementor-heading-title elementor-size-default">Une salle de réception au caractère unique pour célébrer votre bal de finissants</h2>				</div>
				</div>
				<div class="elementor-element elementor-element-2ce7b53 elementor-widget elementor-widget-text-editor" data-id="2ce7b53" data-element_type="widget" data-e-type="widget" data-widget_type="text-editor.default">
				<div class="elementor-widget-container">
									<p>Un bal reste un événement marquant dans une vie. Célébrer des années d’efforts avec sa famille et ses amis demande un cadre unique et mémorable. Notre grande salle de réception multifonctionnelle est idéale pour célébrer un bal de finissants avec sa grande scène, son éclairage professionnel, son système de sonorisation et son équipement audiovisuel. Nous avons aussi tout sur place pour faire un tapis rouge de présentation dans la salle de réception comme à l’extérieur. Notre service de traiteur saura vous offrir un repas à la hauteur de vos attentes et adapté à vos goûts et à votre budget. Il ne restera plus qu’à décorer la salle de réception selon le thème et les désirs des organisateurs !</p>								</div>
				</div>
					</div>
				</div>
				</div>

<p>Une salle de réception au caractère unique pour célébrer votre bal de finissants Un bal reste un événement marquant dans une vie. Célébrer des années d’efforts avec sa famille et ses amis demande un cadre unique et mémorable. Notre grande salle de réception multifonctionnelle est idéale pour célébrer un bal de finissants avec sa grande [&hellip;]</p>

<!-- This site is optimized with the Yoast SEO plugin v27.1.1 - https://yoast.com/product/yoast-seo-wordpress/ -->
<title>Location salle bal de finissants - Centre O3</title>
<meta name="robots" content="index, follow, max-snippet:-1, max-image-preview:large, max-video-preview:-1" />
<link rel="canonical" href="https://centreo3.com/fr/evenements/location-salle-bal-de-finissant/" />
<meta property="og:locale" content="fr_FR" />
<meta property="og:type" content="article" />
<meta property="og:title" content="Location salle bal de finissants - Centre O3" />
<meta property="og:description" content="Une salle de réception au caractère unique pour célébrer votre bal de finissants Un bal reste un événement marquant dans une vie. Célébrer des années d’efforts avec sa famille et ses amis demande un cadre unique et mémorable. Notre grande salle de réception multifonctionnelle est idéale pour célébrer un bal de finissants avec sa grande [&hellip;]" />
<meta property="og:url" content="https://centreo3.com/fr/evenements/location-salle-bal-de-finissant/" />
<meta property="og:site_name" content="Centre O3" />
<meta property="article:modified_time" content="2023-09-29T19:21:21+00:00" />
<meta name="twitter:card" content="summary_large_image" />
<meta name="twitter:label1" content="Durée de lecture estimée" />
	<meta name="twitter:data1" content="1 minute" />
<script type="application/ld+json" class="yoast-schema-graph">{"@context":"https://schema.org","@graph":[{"@type":"WebPage","@id":"https://centreo3.com/fr/evenements/location-salle-bal-de-finissant/","url":"https://centreo3.com/fr/evenements/location-salle-bal-de-finissant/","name":"Location salle bal de finissants - Centre O3","isPartOf":{"@id":"https://centreo3.com/fr/#website"},"datePublished":"2023-09-26T14:34:00+00:00","dateModified":"2023-09-29T19:21:21+00:00","breadcrumb":{"@id":"https://centreo3.com/fr/evenements/location-salle-bal-de-finissant/#breadcrumb"},"inLanguage":"fr-FR","potentialAction":[{"@type":"ReadAction","target":["https://centreo3.com/fr/evenements/location-salle-bal-de-finissant/"]}]},{"@type":"BreadcrumbList","@id":"https://centreo3.com/fr/evenements/location-salle-bal-de-finissant/#breadcrumb","itemListElement":[{"@type":"ListItem","position":1,"name":"Accueil","item":"https://centreo3.com/fr/"},{"@type":"ListItem","position":2,"name":"Événements sur mesure","item":"https://centreo3.com/fr/evenements/"},{"@type":"ListItem","position":3,"name":"Location salle bal de finissants"}]},{"@type":"WebSite","@id":"https://centreo3.com/fr/#website","url":"https://centreo3.com/fr/","name":"Centre O3","description":"Salles de réception et hébergements pour événements","publisher":{"@id":"https://centreo3.com/fr/#organization"},"potentialAction":[{"@type":"SearchAction","target":{"@type":"EntryPoint","urlTemplate":"https://centreo3.com/fr/?s={search_term_string}"},"query-input":{"@type":"PropertyValueSpecification","valueRequired":true,"valueName":"search_term_string"}}],"inLanguage":"fr-FR"},{"@type":"Organization","@id":"https://centreo3.com/fr/#organization","name":"Centre O3","url":"https://centreo3.com/fr/","logo":{"@type":"ImageObject","inLanguage":"fr-FR","@id":"https://centreo3.com/fr/#/schema/logo/image/","url":"https://centreo3.com/wp-content/uploads/2023/09/centreo3-logo.svg","contentUrl":"https://centreo3.com/wp-content/uploads/2023/09/centreo3-logo.svg","width":257,"height":48,"caption":"Centre O3"},"image":{"@id":"https://centreo3.com/fr/#/schema/logo/image/"}}]}</script>
<!-- / Yoast SEO plugin. -->

Une salle de réception au caractère unique pour célébrer votre bal de finissants Un bal reste un événement marquant dans une vie. Célébrer des années d’efforts avec sa famille et ses amis demande un cadre unique et mémorable. Notre grande salle de réception multifonctionnelle est idéale pour célébrer un bal de finissants avec sa grande [&hellip;]

Événements sur mesure

Salles de réception et hébergements pour événements
